git of -119*(-3)/(-2)*(-36)/27?
8
Let z = 406 - -490. What is the hundreds digit of z?
8
Let m = 34 - 2. Let a = m - 11. What is the tens digit of a?
2
Suppose -8*d = -13489 + 1761. What is the hundreds digit of d?
4
Let z be (-2523)/(-21) - 1/7. Let w = -158 + 85. Let s = z + w. What is the tens digit of s?
4
Let x(v) = v + 6. Let p(r) = -6*r + 4*r - 3 + 6*r + 6*r**2. Let s be p(1). What is the tens digit of x(s)?
1
Let l be (-24)/(-84) - 2/7. Suppose -3*i + 3*c + l*c = -96, 5*i - 160 = -3*c. What is the tens digit of i?
3
Let c be (9/6)/(3/2)*9. Let p = 24 - c. What is the units digit of p?
5
Let r(w) = -111*w + 81. What is the tens digit of r(-7)?
5
Let t(l) = -75*l + 5. Let z be t(-1). Suppose 4*k - 4 - 74 = -3*i, -4*k - 2*i = -z. What is the tens digit of k?
2
Let y(b) = b**3 + 16*b**2 + 14*b + 8. Let s be y(-12). Let w = s + -259. What is the tens digit of w?
5
Let l = 76 + -66. Suppose -l*k = -15*k + 510. What is the tens digit of k?
0
Suppose -5*a + i + 52 = 2*i, -i = -a + 14. Let k(s) = 2*s**2 - 14*s - 10. What is the units digit of k(a)?
8
Let u(t) = t - 3. Let q be 9*(-3)/((-36)/8). Let r be u(q). Suppose -5*p = -4*y - 300, -r*p + 2*y + 180 = -y. What is the tens digit of p?
6
Let s(t) = -43*t + 724. What is the units digit of s(-62)?
0
Let o = -1331 + 2923. What is the units digit of o?
2
Suppose -16*b - 11178 = -34*b. What is the tens digit of b?
2
Let g = 5280 - 3289. What is the units digit of g?
1
What is the tens digit of -5 - (-1 - 10314)/5?
5
Let c(v) = -v**2 + 10*v + 7. Let j be c(11). Let k be (j + 0 + 16)*2. What is the units digit of (6/(-4))/(k/(-128))?
8
Let u be (-36)/(-6)*2/4. Let x be (-2)/(3 - 2) + 9. Suppose u*y = -x + 43. What is the tens digit of y?
1
Suppose -20 = -3*v - 4*l, 2*v - l - 3*l = 0. Let m(q) = 17*q**2 + 7*q**3 + v*q**3 - 19*q**2 + 2. What is the tens digit of m(2)?
8
Suppose -2*k + 12 = k, 4*z - 972 = 2*k. Suppose -14 + 4 = -2*l, -2*l = 5*j - z. What is the units digit of 4 - ((0 - j) + 0)?
1
Suppose -40 = 5*m - 9*m. Suppose 7*c - m*c = -9. Suppose -d + 0*d = 4*k - 45, c*d - 3 = 0. What is the units digit of k?
1
Suppose -5*l = 2*s - 13, -2*l + 0*s + 2*s + 8 = 0. What is the units digit of 0 - (-1 - 52 - l)?
6
Let t(a) be the third derivative of -a**5/60 - a**4/6 + a**3/2 + 2*a**2. Let d be t(-4). Let q = 2 + d. What is the units digit of q?
5
Let l = -4983 - -7333. What is the units digit of l?
0
Suppose 3*b = z + 617, -3*b + 554 = 4*z - 83. Let j be b*((-8)/(-6) + -1). Let g = j + -39. What is the tens digit of g?
3
Suppose -109751 = -73*j + 133850. What is the tens digit of j?
3
Suppose 4*l + 0*l = -p + 29, -2*l + 16 = 2*p. Suppose 4*d + l = -9. What is the units digit of 24/(-32) + (-27)/d?
6
What is the hundreds digit of (-4)/(-4) - (2 - 560)?
5
Let m be (-2 - -4)*18/(-12). Let v(p) = 8*p**2 - 4. What is the tens digit of v(m)?
6
Let j = 353 + 82. What is the hundreds digit of j?
4
Let y(q) = -11*q - 2. Let f(i) = -2*i**2 - 3. Let w be f(-2). Let z be y(w). Suppose -4*c + z = -25. What is the units digit of c?
6
Let u = -191 + 228. What is the units digit of u?
7
Let i(f) = f**2 - 4*f + 117. What is the tens digit of i(14)?
5
Let u be ((-6)/8)/((-9)/24). What is the units digit of 25 + 5 + (u - 2)?
0
Suppose -2*n + 1266 = 3*s - s, -4*n = 3*s - 1899. What is the tens digit of s?
3
Let p(x) = 5*x**3 - 2*x**2 - 4*x + 8. Let u(l) = 25*l**3 - 10*l**2 - 20*l + 41. Let t(n) = -11*p(n) + 2*u(n). What is the tens digit of t(-4)?
3
Let f(q) = -q**2 + 20*q + 46. Let x be f(22). Suppose 3*z + 148 = 4*h - 25, -x*h + 3*z = -85. What is the units digit of h?
4
Let b(d) = -d**2 + 2*d. Let n be b(2). Suppose -4*l + n*l = -i - 597, -2*l + 301 = -i. What is the hundreds digit of l?
1
Let n(m) = -m**2 - 70*m - 472. What is the tens digit of n(-11)?
7
Suppose 13 = -0*j - 2*j - 5*p, 5*j + 3*p - 15 = 0. Let s(o) = 2*o - 14. Let y be s(j). Let l(v) = 3*v**2 + 2*v - 2. What is the units digit of l(y)?
6
Let i(s) = 5*s**2 - 7*s + 76. What is the hundreds digit of i(-10)?
6
Let g = -101 + -8. Let y = 58 + g. Let a = -29 - y. What is the units digit of a?
2
Suppose 5*n - 75 = -10. Suppose -u + n = 12. What is the units digit of u?
1
Let b = -71 + -6. Let a = b + 167. What is the tens digit of a?
9
Let l(d) = d**3 - d**2 - d + 148. What is the hundreds digit of l(0)?
1
Suppose 0 = -7*i - 250 + 1846. What is the hundreds digit of i?
2
Let i = -2 - 7. Let p(x) = x**3 + 8*x**2 - 9*x + 11. Let n be p(i). Let l = 40 - n. What is the units digit of l?
9
Let n(u) = u**2 + 16*u - 22. Let v be n(-17). Let s(m) be the first derivative of m**4/4 + 5*m**3/3 - 2*m**2 + 3*m + 1. What is the units digit of s(v)?
3
Let k(l) = 10*l + 4. Let x be k(-7). Let b = -38 - x. What is the units digit of b?
8
Let x = 1769 - 683. What is the thousands digit of x?
1
Let a = 9 + -5. Suppose -220 = -a*x + 5*n, -4*x + 88 = 3*n - 132. What is the units digit of x?
5
Let k = -1749 + 2493. What is the units digit of k?
4
Suppose -3*n = 12, -m = -3*n + n - 65. Suppose -4*c + m + 55 = 0. What is the units digit of c?
8
Suppose 3*p - 4 = 116. What is the units digit of 2*((-1)/(-5) - (-172)/p)?
9
Suppose -2*a = -5*t - 0*a + 22, 10 = 3*t + 2*a. Suppose t*m - 2*d = -11 + 3, m = 2*d + 1. Let p = 6 - m. What is the units digit of p?
9
Suppose 0 = -2*d + 15 + 75. What is the tens digit of -2*d/(-6) + -2?
1
Let b(s) = -54*s - 63. What is the hundreds digit of b(-18)?
9
Let s(g) = 8*g - 25 + 0*g + 11. What is the units digit of s(9)?
8
Suppose -128 = 6*j - 110. Let t(i) = -3*i - 6. Let k(m) = 8*m + 17. Let n(c) = 6*k(c) + 17*t(c). What is the units digit of n(j)?
9
What is the hundreds digit of (13 - 9)*(0 + 32)?
1
Let g(a) = a**2 - 2*a - 1. Let v be g(5). Let n(k) = k**3 - 15*k**2 + 16*k - 1. What is the tens digit of n(v)?
2
Let g be 4/(8/19) - (-2)/4. Let q(t) = -t**3 + 10*t**2 + 14*t - 19. What is the tens digit of q(g)?
2
Let k = -514 - -532. What is the tens digit of k?
1
Let h = 41 + -36. Suppose -4*z + 4*g + 886 = h*g, -1101 = -5*z + 2*g. Suppose 2*s - 4*b + 8 = 108, -4*s = -b - z. What is the tens digit of s?
5
Suppose 6634 = 4*x - 2*s, -x = -3*s - 271 - 1380. What is the thousands digit of x?
1
Let i = -2 - -6. Suppose m = 4*m - i*f - 17, -2*f + 11 = 5*m. Suppose b + 80 = 4*x + 2*b, 2*b = m*x - 71. What is the units digit of x?
1
Suppose 9*o - 7*o + 2*t = 160, -4*o + t + 325 = 0. Let w = o + -49. What is the tens digit of w?
3
Let l(m) = 8*m**2 - m - 1. Let a be l(1). Let n(c) = 3*c**2 - 4*c - 19. What is the units digit of n(a)?
5
Let j(y) = 6*y + 1. Let k be j(2). Let i(p) be the third derivative of p**6/120 - p**5/5 - 11*p**4/24 - p**3/2 - 30*p**2. What is the tens digit of i(k)?
2
Let i(p) = p**2 + 7*p + 8. Let v(f) = 0*f - 3 + f - 2*f - 2. Let y be v(3). What is the units digit of i(y)?
6
What is the tens digit of 1343 + (0 - (-8 + 4 + 6))?
4
Let a(s) be the third derivative of s**4/2 - 3*s**3 + s**2 + 20. What is the units digit of a(4)?
0
Let q(g) = g**3 - 8*g**2 + 9*g + 10. Suppose -416 = -2*n - 398. What is the tens digit of q(n)?
7
Suppose -5*n + 9*n + 8 = 0. Let u be (-3)/n*12/9. What is the tens digit of (33/u)/((-1)/(-4))?
6
Suppose -10058 = -14*g + 3774. What is the hundreds digit of g?
9
Let f(o) be the second derivative of -1/10*o**5 - 3*o**2 + 1/12*o**4 - 1/6*o**3 + 0 + 4*o. What is the units digit of f(-3)?
0
Let b(z) = -2*z + 57. Let q = 132 + -110. What is the units digit of b(q)?
3
Suppose -337 = -4*w + 5*b + 204, -5*w + 2*b = -689. What is the units digit of w?
9
Let w = -283 - -539. Suppose 2*r = 6*r - w. What is the units digit of r?
4
Suppose 73*m = 59*m + 42224. What is the units digit of m?
6
Let a(m) = m**3 - 4*m**2 + 25*m - 24. What is the tens digit of a(9)?
0
What is the thousands digit of (1870 - 13) + 1*5?
1
Let o = 36 + -33. Suppose -a - 3*u - 18 = 0, -6 = -0*a - a + o*u. What is the units digit of a*5/(-10) + -2?
1
Suppose 147 = 3*n - 1302. What is the hundreds digit of n?
4
Let v be 1*-1 - (6 + -10). Suppose -v = -3*u - 0. What is the units digit of 3*u/(12/100)?
5
Let b be 518/18 - (-14)/63. Suppose -51 = -3*c + t, -4*c - 2*t - t = -55. Let i = b - c. What is the tens digit of i?
1
Suppose 2*k + 25 + 123 = 0. Let z = k - -127. What is the units digit of z?
3
Let d = -372 - -377. What is the units digit of d?
5
Let 